{"id":199,"date":"2025-03-13T09:35:28","date_gmt":"2025-03-13T09:35:28","guid":{"rendered":"https:\/\/simovision.be\/professional\/?post_type=product&#038;p=199"},"modified":"2025-12-11T08:09:30","modified_gmt":"2025-12-11T07:09:30","slug":"cx-1","status":"publish","type":"product","link":"https:\/\/simovision.be\/professional\/product\/cx-1\/","title":{"rendered":"CX-1"},"content":{"rendered":"<h3><strong>Fotografiemodi<\/strong><\/h3>\n<ul>\n<li><strong>Kleur<\/strong>: vastleggen van basislijnen<\/li>\n<li><strong>Fluo<\/strong>: controle van de retinale bloedstroom op verstoppingen en lekkages<\/li>\n<li><strong>FAF<\/strong>: kan bijdragen aan de vroege detectie van veranderingen in het netvlies<\/li>\n<li><strong>Red-Free<\/strong>: verbetert de zichtbaarheid van retinale bloedvaten, bloedingen, drusen en exsudaten<\/li>\n<li><strong>Cobalt<\/strong>: biedt een donkere achtergrond om de zenuwvezel laag beter zichtbaar te maken<\/li>\n<\/ul>\n<h3><strong>RGB Kanalen<\/strong><\/h3>\n<p>Naast de optische filters van de CX-1 biedt de <strong>RX-software<\/strong> ook de mogelijkheid van een <strong>RGB-kanaalfilter<\/strong>. Het rode kanaal is nuttig voor de visualisatie van pigmentafwijkingen, choro\u00efdale scheuren, naevi en kwaadaardige melanomen, wat kan bijdragen aan de <strong>vroege opsporing<\/strong> van <strong>retinale veranderingen<\/strong>.<\/p>\n<h3><strong>Onge\u00ebvenaarde beeldkwaliteit<\/strong><\/h3>\n<p>De uitstekende Canon-optiek en een speciale <strong>24 MP digitale camera<\/strong> zorgen voor de hoogste <strong>beeldkwaliteit<\/strong>. Zorgvuldig geselecteerde optische filters leveren optimale resultaten voor fluoresce\u00efneangiografie en FAF.<\/p>\n<p>Canon&#8217;s <strong>opaciteitsonderdrukking<\/strong> onderdrukt grotendeels de effecten van cataract en andere oculaire opaciteiten in kleurenbeelden.<\/p>\n<h3><strong>Eenvoudige bediening<\/strong><\/h3>\n<p>De CX-1 is een compact apparaat dat maximale interactie met de pati\u00ebnt mogelijk maakt. Door de <strong>korte reikafstand<\/strong> kan het ooglid van de pati\u00ebnt eenvoudig geopend worden. Alle filters zijn gemotoriseerd, net als de <strong>kinsteun<\/strong>, die eenvoudig te bedienen is met \u00e9\u00e9n druk op de knop.<\/p>\n<h3><strong>Automatisch geoptimaliseerde flits<\/strong><\/h3>\n<p>De CX-1 heeft een automatisch <strong>geoptimaliseerd flitsbereik<\/strong>, aangepast aan de verschillende fotografiemodi en <strong>ISO-instellingen<\/strong>. Dit systeem selecteert automatisch \u00e9\u00e9n van de 168 mogelijke flitsinstellingen.<\/p>\n<h3><strong>2 Modi: Non-myd &amp; Myd<\/strong><\/h3>\n<ol>\n<li>\n<h4>Non-mydriatische modus<\/h4>\n<\/li>\n<\/ol>\n<p>De non-mydriatische modus is essentieel voor <strong>niet-dilateerbare pati\u00ebnten<\/strong>, zoals glaucoomverdachten. Kinderen en lichtgevoelige pati\u00ebnten profiteren ook van het <strong>niet-invasieve IRED-observatielicht<\/strong>. In deze modus wordt het observatiescherm van de digitale camera gebruikt, met behulp van onzichtbaar IR-observatielicht. De beeldhoek in deze modus is 45 graden (of 67,5 graden in centrale annotatieweergave).<\/p>\n<p>In deze modus kunnen kleur-, red-free-, cobalt-, fundus-autofluorescentie (FAF)- en <strong>zelfs fluoresce\u00efne-angiografie<\/strong>-opnamen gemaakt worden.<\/p>\n<ol start=\"2\">\n<li>\n<h4>Mydriatische modus<\/h4>\n<\/li>\n<\/ol>\n<p>In deze meer traditionele modus vindt de observatie plaats via de <strong>zoeker<\/strong>, waarbij <strong>zichtbaar licht<\/strong> wordt gebruikt. Dit biedt een helder kleurenbeeld van het netvlies, met een beeldhoek van 50 graden (of 75 graden in centrale annotatieweergave).<\/p>\n<h3><strong>Moza\u00efekfunctie &#8211; widefield<\/strong><\/h3>\n<p>Gebruik de moza\u00efekfunctie in de RX-software om \u00e9\u00e9n <strong>breedbeeldveldafbeelding<\/strong> in <strong>hoge resolutie<\/strong> te cre\u00ebren (tot 85 graden). Tot 20 afzonderlijke beelden kunnen gecombineerd worden.<\/p>\n<h3><strong>2x Vergroting<\/strong><\/h3>\n<p>De CX-1 is uitgerust met een <strong>2x-knop<\/strong>, waarmee je <strong>digitale vergroting<\/strong> kunt toepassen of een afbeelding met een hoek van 30 graden kunt maken.<\/p>\n<h3><strong>30 Graden hoek<\/strong><\/h3>\n<p>Een hoek van 30 graden is vereist voor deelname aan studies en samenwerking met de meeste leescentra, zoals DARC, Wisconsin en VRC.<strong>\u00a0<\/strong><\/p>\n<h3><strong>Fundus Autofluorescentie (FAF)<\/strong><\/h3>\n<p>FAF is een <strong>diagnostische techniek<\/strong> voor het documenteren van de <strong>ophoping<\/strong> van <strong>lipofuscine<\/strong> in het <strong>retinale pigmentepitheel<\/strong> (RPE). Het is eenvoudig, niet-invasief en kan waardevolle informatie verschaffen voor de diagnose van netvliesaandoeningen.<\/p>\n<p>Sinds de introductie van fluoresce\u00efne-angiografie (FFA) in 1959 hebben oogartsen ontdekt dat zelfs zonder fluoresce\u00efne delen van de fundus onder bepaalde omstandigheden een zwakke fluorescerende gloed vertonen. Deze natuurlijke fluorescentie wordt voornamelijk veroorzaakt door lipofuscine, een fluorescerend pigment dat zich ophoopt in het RPE als een metabolisch bijproduct. De ophoping van lipofuscine neemt normaal toe met de leeftijd, maar kan ook voorkomen bij RPE-celstoornissen.<\/p>\n<p>FAF-beelden visualiseren de ophoping van lipofuscine in het retinale pigmentepitheel (RPE). Gebieden met overmatige lipofuscine-opstapeling zullen hyperfluorescent lijken, terwijl gebieden zonder RPE-cellen hypofluorescent zijn.<\/p>\n<h3><strong>Groene Spectrum<\/strong><\/h3>\n<p>De CX-1 gebruikt het <strong>groene lichtspectrum<\/strong> om de <strong>retina<\/strong> te <strong>stimuleren<\/strong> en vangt de emissie op in het geel-oranje spectrum, met behulp van zorgvuldig geselecteerde optische filters. Het gebruik van groen licht biedt <strong>meer details<\/strong> in de <strong>fovea<\/strong>, terwijl blauw licht vaak wordt geabsorbeerd door maculaire pigmenten.<\/p>\n<p>Groene lichtgolven hebben daarnaast minder last van absorptie door de ooglens, vooral bij cataractpati\u00ebnten.<strong>\u00a0<\/strong><\/p>\n<h3><strong>Digitale beeldverwerking<\/strong><\/h3>\n<p>De RX-software kan, zonder dat er nieuwe beelden hoeven te worden gemaakt, een digitaal beeld genereren van de kleurenfoto.<br \/>\nDe oplossing maakt gebruik van het originele RAW-beeld van de digitale camera en is gebaseerd op Canon EOS retina-technologie en gepatenteerde beeldverwerkingsmethoden.<\/p>\n<p>De beeldkwaliteit is vrij vergelijkbaar met die van optische filters.<\/p>\n<ul>\n<li><strong>Negatief reli\u00ebf<\/strong>: laat de vaten opvallen.<\/li>\n<li><strong>Positief reli\u00ebf<\/strong>: brengt de oogzenuw naar voren.<\/li>\n<li><strong>Red-free en kobalt<\/strong><\/li>\n<li><strong>Omgekeerd contrast<\/strong>: Inversie van kleuren om de diagnose te vergemakkelijken.<\/li>\n<li><strong>Overlay<\/strong>: superpositie van 2 afbeeldingen om veranderingen te visualiseren.<\/li>\n<li><strong>Annotaties<\/strong>: voeg tekst of vorm toe aan de afbeelding.<\/li>\n<li><strong>Cup\/Disc meting<\/strong>: meting van C\/D verhoudingen.<\/li>\n<li><strong>Vergrootglasfunctie<\/strong>: diagnostisch hulpmiddel voor meer detaillering<\/li>\n<\/ul>\n","protected":false},"excerpt":{"rendered":"<h3><img loading=\"lazy\" decoding=\"async\" class=\"alignnone wp-image-4983 size-full\" src=\"https:\/\/simovision.be\/professional\/wp-content\/uploads\/sites\/2\/2025\/06\/Logo_canon_tease.png\" alt=\"\" width=\"319\" height=\"40\" srcset=\"https:\/\/simovision.be\/professional\/wp-content\/uploads\/sites\/2\/2025\/06\/Logo_canon_tease.png 319w, https:\/\/simovision.be\/professional\/wp-content\/uploads\/sites\/2\/2025\/06\/Logo_canon_tease-64x8.png 64w, https:\/\/simovision.be\/professional\/wp-content\/uploads\/sites\/2\/2025\/06\/Logo_canon_tease-300x38.png 300w\" sizes=\"auto, (max-width: 319px) 100vw, 319px\" \/><\/h3>\n<h3><strong>Veelzijdige CX-1 digitale retinale camera<\/strong><\/h3>\n<p>De CX-1 is een <strong>mydriatische retina camera<\/strong> die met <strong>\u00e9\u00e9n druk<\/strong> op de knop kan worden <strong>omgeschakeld<\/strong> naar een <strong>non-mydriatische camera<\/strong>. Naast kleurfotografie kan de CX-1 FLUO, Red-Free, Cobalt en zelfs standaard <strong>autofluorescentie<\/strong>-fotografie (FAF) uitvoeren.<\/p>\n<p><strong>Alle fotografiemodi kunnen worden uitgevoerd in zowel MYD als NON-MYD modus<\/strong>, wat uitzonderlijke veelzijdigheid biedt en <strong>diagnose<\/strong>, <strong>screening<\/strong> en <strong>monitoring<\/strong> van alle belangrijke oogaandoeningen mogelijk maakt.<\/p>\n<ul>\n<li>Eenvoudige meting dankzij een compact systeem.<\/li>\n<li>Gemotoriseerde filters voor eenvoudige installatie en stofbescherming.<\/li>\n<li>Gemotoriseerde kinsteun.<\/li>\n<li>Kantelbaar scherm voor meer ergonomie.<\/li>\n<li>Externe monitor voor netvliesobservatie in Full HD.<\/li>\n<li>De CX-1 kantelt verticaal en horizontaal, waardoor kan worden gewerkt rond centrale oogobstructies (zoals staar of glasvochtbloedingen) en vergemakkelijkt perifere beeldvorming van het netvlies.<\/li>\n<\/ul>\n","protected":false},"featured_media":3691,"template":"","meta":{"_acf_changed":false,"content-type":"","site-sidebar-layout":"default","site-content-layout":"","ast-site-content-layout":"default","site-content-style":"default","site-sidebar-style":"default","ast-global-header-display":"","ast-banner-title-visibility":"","ast-main-header-display":"","ast-hfb-above-header-display":"","ast-hfb-below-header-display":"","ast-hfb-mobile-header-display":"","site-post-title":"","ast-breadcrumbs-content":"","ast-featured-img":"","footer-sml-layout":"","theme-transparent-header-meta":"default","adv-header-id-meta":"","stick-header-meta":"default","header-above-stick-meta":"","header-main-stick-meta":"","header-below-stick-meta":"","astra-migrate-meta-layouts":"set","ast-page-background-enabled":"default","ast-page-background-meta":{"desktop":{"background-color":"var(--ast-global-color-4)","background-image":"","background-repeat":"repeat","background-position":"center center","background-size":"auto","background-attachment":"scroll","background-type":"","background-media":"","overlay-type":"","overlay-color":"","overlay-opacity":"","overlay-gradient":""},"tablet":{"background-color":"","background-image":"","background-repeat":"repeat","background-position":"center center","background-size":"auto","background-attachment":"scroll","background-type":"","background-media":"","overlay-type":"","overlay-color":"","overlay-opacity":"","overlay-gradient":""},"mobile":{"background-color":"","background-image":"","background-repeat":"repeat","background-position":"center center","background-size":"auto","background-attachment":"scroll","background-type":"","background-media":"","overlay-type":"","overlay-color":"","overlay-opacity":"","overlay-gradient":""}},"ast-content-background-meta":{"desktop":{"background-color":"var(--ast-global-color-5)","background-image":"","background-repeat":"repeat","background-position":"center center","background-size":"auto","background-attachment":"scroll","background-type":"","background-media":"","overlay-type":"","overlay-color":"","overlay-opacity":"","overlay-gradient":""},"tablet":{"background-color":"var(--ast-global-color-5)","background-image":"","background-repeat":"repeat","background-position":"center center","background-size":"auto","background-attachment":"scroll","background-type":"","background-media":"","overlay-type":"","overlay-color":"","overlay-opacity":"","overlay-gradient":""},"mobile":{"background-color":"var(--ast-global-color-5)","background-image":"","background-repeat":"repeat","background-position":"center center","background-size":"auto","background-attachment":"scroll","background-type":"","background-media":"","overlay-type":"","overlay-color":"","overlay-opacity":"","overlay-gradient":""}}},"product_brand":[],"product_cat":[115],"product_tag":[9697],"class_list":{"0":"post-199","1":"product","2":"type-product","3":"status-publish","4":"has-post-thumbnail","6":"product_cat-retinale-cameras","7":"product_tag-be","8":"desktop-align-left","9":"tablet-align-left","10":"mobile-align-left","11":"ast-product-gallery-layout-first-image-large","12":"ast-product-tabs-layout-horizontal","14":"first","15":"instock","16":"shipping-taxable","17":"product-type-simple"},"acf":[],"yoast_head":"<!-- This site is optimized with the Yoast SEO plugin v26.3 - https:\/\/yoast.com\/wordpress\/plugins\/seo\/ -->\n<title>CX-1 - Simovision - Professional<\/title>\n<meta name=\"robots\" content=\"index, follow, max-snippet:-1, max-image-preview:large, max-video-preview:-1\" \/>\n<link rel=\"canonical\" href=\"https:\/\/simovision.be\/professional\/product\/cx-1\/\" \/>\n<meta property=\"og:locale\" content=\"nl_NL\" \/>\n<meta property=\"og:type\" content=\"article\" \/>\n<meta property=\"og:title\" content=\"CX-1 - Simovision - Professional\" \/>\n<meta property=\"og:description\" content=\"Veelzijdige CX-1 digitale retinale camera De CX-1 is een mydriatische retina camera die met \u00e9\u00e9n druk op de knop kan worden omgeschakeld naar een non-mydriatische camera. Naast kleurfotografie kan de CX-1 FLUO, Red-Free, Cobalt en zelfs standaard autofluorescentie-fotografie (FAF) uitvoeren.  Alle fotografiemodi kunnen worden uitgevoerd in zowel MYD als NON-MYD modus, wat uitzonderlijke veelzijdigheid biedt en diagnose, screening en monitoring van alle belangrijke oogaandoeningen mogelijk maakt.   Eenvoudige meting dankzij een compact systeem.  Gemotoriseerde filters voor eenvoudige installatie en stofbescherming.  Gemotoriseerde kinsteun.  Kantelbaar scherm voor meer ergonomie.  Externe monitor voor netvliesobservatie in Full HD.  De CX-1 kantelt verticaal en horizontaal, waardoor kan worden gewerkt rond centrale oogobstructies (zoals staar of glasvochtbloedingen) en vergemakkelijkt perifere beeldvorming van het netvlies.\" \/>\n<meta property=\"og:url\" content=\"https:\/\/simovision.be\/professional\/product\/cx-1\/\" \/>\n<meta property=\"og:site_name\" content=\"Simovision - Professional\" \/>\n<meta property=\"article:modified_time\" content=\"2025-12-11T07:09:30+00:00\" \/>\n<meta property=\"og:image\" content=\"https:\/\/simovision.be\/professional\/wp-content\/uploads\/sites\/2\/2025\/03\/00.-M130_03.webp\" \/>\n\t<meta property=\"og:image:width\" content=\"1000\" \/>\n\t<meta property=\"og:image:height\" content=\"666\" \/>\n\t<meta property=\"og:image:type\" content=\"image\/webp\" \/>\n<meta name=\"twitter:card\" content=\"summary_large_image\" \/>\n<meta name=\"twitter:label1\" content=\"Geschatte leestijd\" \/>\n\t<meta name=\"twitter:data1\" content=\"4 minuten\" \/>\n<script type=\"application\/ld+json\" class=\"yoast-schema-graph\">{\"@context\":\"https:\/\/schema.org\",\"@graph\":[{\"@type\":\"WebPage\",\"@id\":\"https:\/\/simovision.be\/professional\/product\/cx-1\/\",\"url\":\"https:\/\/simovision.be\/professional\/product\/cx-1\/\",\"name\":\"CX-1 - Simovision - Professional\",\"isPartOf\":{\"@id\":\"https:\/\/simovision.be\/professional\/#website\"},\"primaryImageOfPage\":{\"@id\":\"https:\/\/simovision.be\/professional\/product\/cx-1\/#primaryimage\"},\"image\":{\"@id\":\"https:\/\/simovision.be\/professional\/product\/cx-1\/#primaryimage\"},\"thumbnailUrl\":\"https:\/\/simovision.be\/professional\/wp-content\/uploads\/sites\/2\/2025\/03\/00.-M130_03.webp\",\"datePublished\":\"2025-03-13T09:35:28+00:00\",\"dateModified\":\"2025-12-11T07:09:30+00:00\",\"breadcrumb\":{\"@id\":\"https:\/\/simovision.be\/professional\/product\/cx-1\/#breadcrumb\"},\"inLanguage\":\"nl-NL\",\"potentialAction\":[{\"@type\":\"ReadAction\",\"target\":[\"https:\/\/simovision.be\/professional\/product\/cx-1\/\"]}]},{\"@type\":\"ImageObject\",\"inLanguage\":\"nl-NL\",\"@id\":\"https:\/\/simovision.be\/professional\/product\/cx-1\/#primaryimage\",\"url\":\"https:\/\/simovision.be\/professional\/wp-content\/uploads\/sites\/2\/2025\/03\/00.-M130_03.webp\",\"contentUrl\":\"https:\/\/simovision.be\/professional\/wp-content\/uploads\/sites\/2\/2025\/03\/00.-M130_03.webp\",\"width\":1000,\"height\":666},{\"@type\":\"BreadcrumbList\",\"@id\":\"https:\/\/simovision.be\/professional\/product\/cx-1\/#breadcrumb\",\"itemListElement\":[{\"@type\":\"ListItem\",\"position\":1,\"name\":\"Home\",\"item\":\"https:\/\/simovision.be\/professional\/\"},{\"@type\":\"ListItem\",\"position\":2,\"name\":\"Winkel\",\"item\":\"https:\/\/simovision.be\/professional\/winkel\/\"},{\"@type\":\"ListItem\",\"position\":3,\"name\":\"CX-1\"}]},{\"@type\":\"WebSite\",\"@id\":\"https:\/\/simovision.be\/professional\/#website\",\"url\":\"https:\/\/simovision.be\/professional\/\",\"name\":\"Simovision - Professional\",\"description\":\"\",\"publisher\":{\"@id\":\"https:\/\/simovision.be\/professional\/#organization\"},\"potentialAction\":[{\"@type\":\"SearchAction\",\"target\":{\"@type\":\"EntryPoint\",\"urlTemplate\":\"https:\/\/simovision.be\/professional\/?s={search_term_string}\"},\"query-input\":{\"@type\":\"PropertyValueSpecification\",\"valueRequired\":true,\"valueName\":\"search_term_string\"}}],\"inLanguage\":\"nl-NL\"},{\"@type\":\"Organization\",\"@id\":\"https:\/\/simovision.be\/professional\/#organization\",\"name\":\"Simovision\",\"url\":\"https:\/\/simovision.be\/professional\/\",\"logo\":{\"@type\":\"ImageObject\",\"inLanguage\":\"nl-NL\",\"@id\":\"https:\/\/simovision.be\/professional\/#\/schema\/logo\/image\/\",\"url\":\"https:\/\/simovision.be\/professional\/wp-content\/uploads\/sites\/2\/2025\/06\/Logo_Simovision_Hilco_Vision_Pantone_7700C-kopie.webp\",\"contentUrl\":\"https:\/\/simovision.be\/professional\/wp-content\/uploads\/sites\/2\/2025\/06\/Logo_Simovision_Hilco_Vision_Pantone_7700C-kopie.webp\",\"width\":2000,\"height\":1021,\"caption\":\"Simovision\"},\"image\":{\"@id\":\"https:\/\/simovision.be\/professional\/#\/schema\/logo\/image\/\"},\"sameAs\":[\"https:\/\/www.linkedin.com\/company\/simovision\"]}]}<\/script>\n<!-- \/ Yoast SEO plugin. -->","yoast_head_json":{"title":"CX-1 - Simovision - Professional","robots":{"index":"index","follow":"follow","max-snippet":"max-snippet:-1","max-image-preview":"max-image-preview:large","max-video-preview":"max-video-preview:-1"},"canonical":"https:\/\/simovision.be\/professional\/product\/cx-1\/","og_locale":"nl_NL","og_type":"article","og_title":"CX-1 - Simovision - Professional","og_description":"Veelzijdige CX-1 digitale retinale camera De CX-1 is een mydriatische retina camera die met \u00e9\u00e9n druk op de knop kan worden omgeschakeld naar een non-mydriatische camera. Naast kleurfotografie kan de CX-1 FLUO, Red-Free, Cobalt en zelfs standaard autofluorescentie-fotografie (FAF) uitvoeren.  Alle fotografiemodi kunnen worden uitgevoerd in zowel MYD als NON-MYD modus, wat uitzonderlijke veelzijdigheid biedt en diagnose, screening en monitoring van alle belangrijke oogaandoeningen mogelijk maakt.   Eenvoudige meting dankzij een compact systeem.  Gemotoriseerde filters voor eenvoudige installatie en stofbescherming.  Gemotoriseerde kinsteun.  Kantelbaar scherm voor meer ergonomie.  Externe monitor voor netvliesobservatie in Full HD.  De CX-1 kantelt verticaal en horizontaal, waardoor kan worden gewerkt rond centrale oogobstructies (zoals staar of glasvochtbloedingen) en vergemakkelijkt perifere beeldvorming van het netvlies.","og_url":"https:\/\/simovision.be\/professional\/product\/cx-1\/","og_site_name":"Simovision - Professional","article_modified_time":"2025-12-11T07:09:30+00:00","og_image":[{"width":1000,"height":666,"url":"https:\/\/simovision.be\/professional\/wp-content\/uploads\/sites\/2\/2025\/03\/00.-M130_03.webp","type":"image\/webp"}],"twitter_card":"summary_large_image","twitter_misc":{"Geschatte leestijd":"4 minuten"},"schema":{"@context":"https:\/\/schema.org","@graph":[{"@type":"WebPage","@id":"https:\/\/simovision.be\/professional\/product\/cx-1\/","url":"https:\/\/simovision.be\/professional\/product\/cx-1\/","name":"CX-1 - Simovision - Professional","isPartOf":{"@id":"https:\/\/simovision.be\/professional\/#website"},"primaryImageOfPage":{"@id":"https:\/\/simovision.be\/professional\/product\/cx-1\/#primaryimage"},"image":{"@id":"https:\/\/simovision.be\/professional\/product\/cx-1\/#primaryimage"},"thumbnailUrl":"https:\/\/simovision.be\/professional\/wp-content\/uploads\/sites\/2\/2025\/03\/00.-M130_03.webp","datePublished":"2025-03-13T09:35:28+00:00","dateModified":"2025-12-11T07:09:30+00:00","breadcrumb":{"@id":"https:\/\/simovision.be\/professional\/product\/cx-1\/#breadcrumb"},"inLanguage":"nl-NL","potentialAction":[{"@type":"ReadAction","target":["https:\/\/simovision.be\/professional\/product\/cx-1\/"]}]},{"@type":"ImageObject","inLanguage":"nl-NL","@id":"https:\/\/simovision.be\/professional\/product\/cx-1\/#primaryimage","url":"https:\/\/simovision.be\/professional\/wp-content\/uploads\/sites\/2\/2025\/03\/00.-M130_03.webp","contentUrl":"https:\/\/simovision.be\/professional\/wp-content\/uploads\/sites\/2\/2025\/03\/00.-M130_03.webp","width":1000,"height":666},{"@type":"BreadcrumbList","@id":"https:\/\/simovision.be\/professional\/product\/cx-1\/#breadcrumb","itemListElement":[{"@type":"ListItem","position":1,"name":"Home","item":"https:\/\/simovision.be\/professional\/"},{"@type":"ListItem","position":2,"name":"Winkel","item":"https:\/\/simovision.be\/professional\/winkel\/"},{"@type":"ListItem","position":3,"name":"CX-1"}]},{"@type":"WebSite","@id":"https:\/\/simovision.be\/professional\/#website","url":"https:\/\/simovision.be\/professional\/","name":"Simovision - Professional","description":"","publisher":{"@id":"https:\/\/simovision.be\/professional\/#organization"},"potentialAction":[{"@type":"SearchAction","target":{"@type":"EntryPoint","urlTemplate":"https:\/\/simovision.be\/professional\/?s={search_term_string}"},"query-input":{"@type":"PropertyValueSpecification","valueRequired":true,"valueName":"search_term_string"}}],"inLanguage":"nl-NL"},{"@type":"Organization","@id":"https:\/\/simovision.be\/professional\/#organization","name":"Simovision","url":"https:\/\/simovision.be\/professional\/","logo":{"@type":"ImageObject","inLanguage":"nl-NL","@id":"https:\/\/simovision.be\/professional\/#\/schema\/logo\/image\/","url":"https:\/\/simovision.be\/professional\/wp-content\/uploads\/sites\/2\/2025\/06\/Logo_Simovision_Hilco_Vision_Pantone_7700C-kopie.webp","contentUrl":"https:\/\/simovision.be\/professional\/wp-content\/uploads\/sites\/2\/2025\/06\/Logo_Simovision_Hilco_Vision_Pantone_7700C-kopie.webp","width":2000,"height":1021,"caption":"Simovision"},"image":{"@id":"https:\/\/simovision.be\/professional\/#\/schema\/logo\/image\/"},"sameAs":["https:\/\/www.linkedin.com\/company\/simovision"]}]}},"_links":{"self":[{"href":"https:\/\/simovision.be\/professional\/wp-json\/wp\/v2\/product\/199","targetHints":{"allow":["GET"]}}],"collection":[{"href":"https:\/\/simovision.be\/professional\/wp-json\/wp\/v2\/product"}],"about":[{"href":"https:\/\/simovision.be\/professional\/wp-json\/wp\/v2\/types\/product"}],"wp:featuredmedia":[{"embeddable":true,"href":"https:\/\/simovision.be\/professional\/wp-json\/wp\/v2\/media\/3691"}],"wp:attachment":[{"href":"https:\/\/simovision.be\/professional\/wp-json\/wp\/v2\/media?parent=199"}],"wp:term":[{"taxonomy":"product_brand","embeddable":true,"href":"https:\/\/simovision.be\/professional\/wp-json\/wp\/v2\/product_brand?post=199"},{"taxonomy":"product_cat","embeddable":true,"href":"https:\/\/simovision.be\/professional\/wp-json\/wp\/v2\/product_cat?post=199"},{"taxonomy":"product_tag","embeddable":true,"href":"https:\/\/simovision.be\/professional\/wp-json\/wp\/v2\/product_tag?post=199"}],"curies":[{"name":"wp","href":"https:\/\/api.w.org\/{rel}","templated":true}]}}